{"id":105812,"date":"2026-03-05T17:36:36","date_gmt":"2026-03-05T16:36:36","guid":{"rendered":"https:\/\/demo.klimafirstklaas.de\/?post_type=product&#038;p=105812"},"modified":"2026-03-05T17:36:36","modified_gmt":"2026-03-05T16:36:36","slug":"weinklimaschrank","status":"publish","type":"product","link":"https:\/\/demo.klimafirstklaas.de\/?product=weinklimaschrank","title":{"rendered":"Weinklimaschrank"},"content":{"rendered":"<h2>Details<\/h2>\n<p>&nbsp;<\/p>\n<address><strong><br \/>\n<\/strong><strong><img loading=\"lazy\" decoding=\"async\" src=\"https:\/\/www.klimafirstklaas.de\/media\/\/Logo_ber_15_Jahre.jpg\" alt=\"\" width=\"120\" height=\"120\" \/><\/strong><\/address>\n<address>\u00a0<\/address>\n<address>\u00a0<\/address>\n<address><strong>Leider ist eine Bestellung per Nachnahme bei\u00a0Weinklimaschr\u00e4nken nicht<\/strong><\/address>\n<address><strong>m\u00f6glich, da die Ware\u00a0auf Palette angeliefert und somit \u00fcber eine Spedition versendet wird.<\/strong><\/address>\n<address><strong>\u00a0<\/strong><\/address>\n<address><strong>Bitte geben Sie bei der Bestellung unbedingt eine Telefonnummer f\u00fcr die Avisierung an!<\/strong><strong><br \/>\n<\/strong><\/address>\n<p>&nbsp;<\/p>\n<p>Abbildung \u00e4hnlich!<\/p>\n<p>&nbsp;<\/p>\n<p>Weinklimaschrank, die intelligente L\u00f6sung f\u00fcr die Lagerung Ihrer Weine<\/p>\n<p>Wein ist im hohen Ma\u00dfe von klimatischen Bedingungen abh\u00e4ngig. Dies gilt insbesondere f\u00fcr die Lagerung und Temperierung.<\/p>\n<p>Unser Weinklimaschrank bietet eine konstante gleich bleibende Temperatur, optimale Luftfeuchtigkeit, ersch\u00fctterungsfreie und UV-Strahlung gesch\u00fctzte Voraussetzung<\/p>\n<p>&nbsp;<\/p>\n<p><strong>Die Highlights:<\/strong><\/p>\n<ul>\n<li>2 getrennte K\u00fchlzonen f\u00fcr Rot- &amp; Wei\u00dfwein\/Champagner&#8230;<\/li>\n<li>A Temperaturbereich: +5\u00b0C bis +12\u00b0C<\/li>\n<li>B Temperaturbereich: +12\u00b0C bis +22\u00b0C<\/li>\n<li>get\u00f6nte Doppelverglasung<\/li>\n<li>Bedienfeld mittig<\/li>\n<li>inkl. 2 festen und 1 ausziehbaren Holzeinlegeb\u00f6den<\/li>\n<li>inkl. 2 Aktivkohlefilter<\/li>\n<li>Innenbeleuchtung je K\u00fchlzone<\/li>\n<li>elektrische Heizung<\/li>\n<li>automatische Abtauvorrichtung<\/li>\n<li>mit T\u00fcrschloss<\/li>\n<li>kein Tropenholz<\/li>\n<li>energiesparende Isolation<\/li>\n<li>elektronische Steuerung<\/li>\n<li>Griff aus geb\u00fcrstetem Edelstahl<\/li>\n<li>FCKW freies K\u00fchlmittel (R134a)<\/li>\n<\/ul>\n<p>&nbsp;<\/p>\n<p><strong>Technische Daten:<\/strong><\/p>\n<ul>\n<li>Ma\u00dfe: 595x600x1240 cm<\/li>\n<li>220-240V \/ 50Hz<\/li>\n<li>CE\/GS<\/li>\n<li>RoHs<\/li>\n<li>Gewicht: 61kg<\/li>\n<li>Ger\u00e4uschpegel: 42 dB (A)<\/li>\n<\/ul>\n<address>\u00a0<\/address>\n<address><strong>Lieferzeit ca. 2 &#8211; 4 Werktage<\/strong><\/address>\n<address><strong>Anlieferung auf Palette, Lieferung wird durch Spedition avisiert<\/strong><\/address>\n<address>\u00a0<\/address>\n<address>\u00a0<\/address>\n<address><strong>Vielen Dank dass Sie bei uns reingeschaut haben. Es gr\u00fc\u00dft Sie recht herzlich<\/strong><br \/>\n<strong>Ihr Team von \u201eKlimafirstKlaas\u201c,<\/strong><\/address>\n<p>eine eingetragene Marke der Klaas Direktimport GmbH<\/p>\n<p>WEEE-Reg.-Nr. DE 77249836<\/p>\n","protected":false},"excerpt":{"rendered":"<p>Details &nbsp; \u00a0 \u00a0 Leider ist eine Bestellung per Nachnahme bei\u00a0Weinklimaschr\u00e4nken nicht m\u00f6glich, da die Ware\u00a0auf Palette angeliefert und somit \u00fcber eine Spedition versendet wird. \u00a0 Bitte geben Sie bei der Bestellung unbedingt eine Telefonnummer f\u00fcr die Avisierung an! &nbsp; Abbildung \u00e4hnlich! &nbsp; Weinklimaschrank, die intelligente L\u00f6sung f\u00fcr die Lagerung Ihrer Weine Wein ist im [&hellip;]<\/p>\n","protected":false},"featured_media":105813,"template":"","meta":[],"product_brand":[],"product_cat":[30],"product_tag":[],"class_list":{"0":"post-105812","1":"product","2":"type-product","3":"status-publish","4":"has-post-thumbnail","6":"product_cat-weinklimaschrank","8":"first","9":"instock","10":"shipping-taxable","11":"product-type-simple"},"_links":{"self":[{"href":"https:\/\/demo.klimafirstklaas.de\/index.php?rest_route=\/wp\/v2\/product\/105812","targetHints":{"allow":["GET"]}}],"collection":[{"href":"https:\/\/demo.klimafirstklaas.de\/index.php?rest_route=\/wp\/v2\/product"}],"about":[{"href":"https:\/\/demo.klimafirstklaas.de\/index.php?rest_route=\/wp\/v2\/types\/product"}],"wp:featuredmedia":[{"embeddable":true,"href":"https:\/\/demo.klimafirstklaas.de\/index.php?rest_route=\/wp\/v2\/media\/105813"}],"wp:attachment":[{"href":"https:\/\/demo.klimafirstklaas.de\/index.php?rest_route=%2Fwp%2Fv2%2Fmedia&parent=105812"}],"wp:term":[{"taxonomy":"product_brand","embeddable":true,"href":"https:\/\/demo.klimafirstklaas.de\/index.php?rest_route=%2Fwp%2Fv2%2Fproduct_brand&post=105812"},{"taxonomy":"product_cat","embeddable":true,"href":"https:\/\/demo.klimafirstklaas.de\/index.php?rest_route=%2Fwp%2Fv2%2Fproduct_cat&post=105812"},{"taxonomy":"product_tag","embeddable":true,"href":"https:\/\/demo.klimafirstklaas.de\/index.php?rest_route=%2Fwp%2Fv2%2Fproduct_tag&post=105812"}],"curies":[{"name":"wp","href":"https:\/\/api.w.org\/{rel}","templated":true}]}}