{"id":105716,"date":"2026-03-04T17:39:26","date_gmt":"2026-03-04T16:39:26","guid":{"rendered":"https:\/\/demo.klimafirstklaas.de\/?post_type=product&#038;p=105716"},"modified":"2026-03-04T17:39:26","modified_gmt":"2026-03-04T16:39:26","slug":"window-quick-warmluft-stopper-made-in-germany","status":"publish","type":"product","link":"https:\/\/demo.klimafirstklaas.de\/?product=window-quick-warmluft-stopper-made-in-germany","title":{"rendered":"Window Quick\/Warmluft-Stopper &#8211; Made in Germany"},"content":{"rendered":"<h2>Details<\/h2>\n<p>&nbsp;<\/p>\n<p><strong>Window Quick ist ein Zubeh\u00f6r f\u00fcr alle mobilen Klimager\u00e4te und Ablufttrockner, damit W\u00e4rme und M\u00fccken draussen bleiben.<\/strong><\/p>\n<p><strong>&#8211; Made in Germany &#8211;<br \/>\n<\/strong><\/p>\n<p class=\"bodytext\">Dies ist die ideale Alternative zur Fensterschiene, da der Window Quick f\u00fcr unsere in Deutschland \u00fcberwiegend eingesetzten Fenstersysteme eine einfache und montagefreundliche Probleml\u00f6sung darstellt. Nun ist gew\u00e4hrleistet, dass die warme Luft von au\u00dfen durch die Fenster\u00f6ffnung NICHT mehr in den Raum gelangen kann. Hierdurch erh\u00f6hen wir die Wirkungsweise von Monoblockger\u00e4te erheblich! Zudem verhindert der Window Quick das Eindringen von Ungeziefer.<\/p>\n<p class=\"bodytext\">Da der Window Quick universell f\u00fcr alle Abluftschl\u00e4uchen einsetzbarist, erhalten Sie somit ein ideales Zusatzprodukt, bzw. Probleml\u00f6ser.<\/p>\n<p class=\"bodytext\">Durch den stabilien Stoff mit 2 Zippern kann der Abluftschlauch ins Freie geleitet werden kann.<\/p>\n<p class=\"bodytext\">Umlaufmass ca. 4m<strong><br \/>\n<\/strong><\/p>\n<p class=\"bodytext\"><strong>Vorteile des Window Quicks<\/strong><\/p>\n<p class=\"bodytext\">\n<ul>\n<li>Leichte Montage durch Klettband<\/li>\n<li>Niedrigere Zimmertemperatur m\u00f6glich<\/li>\n<li>Nachtruhe ohne Moskitos<\/li>\n<li>Kein Eindringen von Abluft und Feuchtigkeit<\/li>\n<li>Fenster l\u00e4sst sich \u00f6ffnen und schliessen<\/li>\n<li>Stromsparend und wasserabweisend<\/li>\n<li>Ideal f\u00fcr auch f\u00fcr Dachfenster<\/li>\n<li>kinderleichte Montage<\/li>\n<\/ul>\n<p class=\"bodytext\">Umlaufmass: 4m<\/p>\n<p>Berechnung Umlaufmass von 400 cm:\u00a0 Die anwendbare Fenstergr\u00f6sse ergibt sich zum Beispiel aus: 1x Fensterh\u00f6he links + 1x Fensterh\u00f6he rechts\u00a0 + 1x Fensterbreite.<\/p>\n<p>F\u00fcr alle unsere Monoblock-Modelle geeignet (5087, 5097, 6087, 6097, 6400, 6401, 6402, 6403, usw.)<\/p>\n<p>&nbsp;<\/p>\n<address><strong>Lieferzeit ca. 2 &#8211; 4 Werktage<\/strong><\/address>\n<address>\u00a0<\/address>\n<address>\u00a0<\/address>\n<address>\u00a0<\/address>\n<address>\n<address><strong>Vielen Dank dass Sie bei uns reingeschaut haben. Es gr\u00fc\u00dft Sie recht herzlich<\/strong><br \/>\n<strong>Ihr Team von \u201eKlimafirstKlaas\u201c,<\/strong><\/address>\n<p>eine eingetragene Marke der Klaas Direktimport GmbH<\/p>\n<p>&nbsp;<\/p>\n<\/address>\n","protected":false},"excerpt":{"rendered":"<p>Details &nbsp; Window Quick ist ein Zubeh\u00f6r f\u00fcr alle mobilen Klimager\u00e4te und Ablufttrockner, damit W\u00e4rme und M\u00fccken draussen bleiben. &#8211; Made in Germany &#8211; Dies ist die ideale Alternative zur Fensterschiene, da der Window Quick f\u00fcr unsere in Deutschland \u00fcberwiegend eingesetzten Fenstersysteme eine einfache und montagefreundliche Probleml\u00f6sung darstellt. Nun ist gew\u00e4hrleistet, dass die warme Luft [&hellip;]<\/p>\n","protected":false},"featured_media":105717,"template":"","meta":[],"product_brand":[],"product_cat":[33],"product_tag":[],"class_list":{"0":"post-105716","1":"product","2":"type-product","3":"status-publish","4":"has-post-thumbnail","6":"product_cat-fuer-mobile-klimageraete","8":"first","9":"instock","10":"shipping-taxable","11":"product-type-simple"},"_links":{"self":[{"href":"https:\/\/demo.klimafirstklaas.de\/index.php?rest_route=\/wp\/v2\/product\/105716","targetHints":{"allow":["GET"]}}],"collection":[{"href":"https:\/\/demo.klimafirstklaas.de\/index.php?rest_route=\/wp\/v2\/product"}],"about":[{"href":"https:\/\/demo.klimafirstklaas.de\/index.php?rest_route=\/wp\/v2\/types\/product"}],"wp:featuredmedia":[{"embeddable":true,"href":"https:\/\/demo.klimafirstklaas.de\/index.php?rest_route=\/wp\/v2\/media\/105717"}],"wp:attachment":[{"href":"https:\/\/demo.klimafirstklaas.de\/index.php?rest_route=%2Fwp%2Fv2%2Fmedia&parent=105716"}],"wp:term":[{"taxonomy":"product_brand","embeddable":true,"href":"https:\/\/demo.klimafirstklaas.de\/index.php?rest_route=%2Fwp%2Fv2%2Fproduct_brand&post=105716"},{"taxonomy":"product_cat","embeddable":true,"href":"https:\/\/demo.klimafirstklaas.de\/index.php?rest_route=%2Fwp%2Fv2%2Fproduct_cat&post=105716"},{"taxonomy":"product_tag","embeddable":true,"href":"https:\/\/demo.klimafirstklaas.de\/index.php?rest_route=%2Fwp%2Fv2%2Fproduct_tag&post=105716"}],"curies":[{"name":"wp","href":"https:\/\/api.w.org\/{rel}","templated":true}]}}