{"id":105650,"date":"2026-02-23T10:38:15","date_gmt":"2026-02-23T09:38:15","guid":{"rendered":"https:\/\/demo.klimafirstklaas.de\/?post_type=product&#038;p=105650"},"modified":"2026-02-23T10:40:36","modified_gmt":"2026-02-23T09:40:36","slug":"klima-splitgeraet-inverter-26-kw-wifi","status":"publish","type":"product","link":"https:\/\/demo.klimafirstklaas.de\/?product=klima-splitgeraet-inverter-26-kw-wifi","title":{"rendered":"Klima Splitger\u00e4t INVERTER 2,6 kW WiFi"},"content":{"rendered":"<address><strong>Aufgrund der unerwartet hohen\u00a0Nachfrage ist dieser Artikel leider bereits ausverkauft!<\/strong><strong><img loading=\"lazy\" decoding=\"async\" src=\"https:\/\/www.klimafirstklaas.de\/media\/\/Logo_ber_15_Jahre.jpg\" alt=\"\" width=\"120\" height=\"120\" \/><\/strong>&nbsp;<\/p>\n<\/address>\n<address>\u00a0<\/address>\n<address>\u00a0<\/address>\n<address>\u00a0<\/address>\n<address>\u00a0<\/address>\n<address>\u00a0<\/address>\n<address><strong>Die Ware wird\u00a0auf Palette angeliefert und somit \u00fcber eine Spedition versendet.<\/strong><\/address>\n<address>\u00a0<\/address>\n<address><strong>Bitte geben Sie bei der Bestellung unbedingt eine Telefonnummer f\u00fcr die Avisierung an!<br \/>\n<\/strong><\/address>\n<p>&nbsp;<\/p>\n<p>&nbsp;<\/p>\n<p>&nbsp;<\/p>\n<p>Dieses Marken Designer Klimager\u00e4t\u00a0der Premiumklasse mit Invertertechnologie\u00a0und der niedrigsten\u00a0<strong>Energieeffizienzklasse A++\/A+<\/strong>\u00a0hat eine K\u00fchlleistung von 2,6 kW und ist f\u00fcr eine Raumgr\u00f6\u00dfe von max. 100 m\u00b3 (abh\u00e4ngig von den Begebenheiten wie z.B. Fensterfl\u00e4chen, Isolierung, W\u00e4rmequellen etc.) geeignet.<\/p>\n<p>Dieses Model besticht durch seine umfangreiche und komplette Ausstattung. Es handelt sich bei diesem Modell um ein sehr sch\u00f6nes Designerger\u00e4t mit formsch\u00f6nen, wei\u00dfem Innenger\u00e4t, welches \u00fcber ein<strong>\u00a0\u201everborgenes&#8220; Display\u00a0<\/strong>verf\u00fcgt. Im Betriebsmodus werden die jeweiligen Anzeigen in\u00a0<strong>\u201eDurchscheinoptik&#8220;<\/strong>\u00a0angezeigt. Alles was Sie zum angenehmen klimatisieren\u00a0<strong>(K\u00fchlen oder Heizen)<\/strong>\u00a0ihres Wohnraums ben\u00f6tigen, ist in diesem Set bereits enthalten.\u00a0Die dazu passende Strom-Verbindungsleitung zwischen Innen- und Au\u00dfenger\u00e4t ist ebenfalls im Set enthalten. Zahlreiche praktische Extras wie zum Beispiel die<strong>\u00a0Timerfunktion<\/strong>, die\u00a0<strong>Entfeuchtungsfunktion<\/strong>, die\u00a0<strong>Sleepfunktion<\/strong>\u00a0und selbstverst\u00e4ndlich die\u00a0<strong>Steuerung \u00fcber WiFi\u00a0<\/strong>garantieren Ihnen ein Wohlf\u00fchlklima und steigern somit Ihr Wohlbefinden. Da die Kupferverbindungsleitungen mit B\u00f6rdelmuttern ausgestattet sind, lassen sich die K\u00e4ltemittelleitungen bequem und einfach montieren. Heimwerkter k\u00f6nnen somit sparen, da hierdurch die M\u00f6glichkeit besteht die Klimaanlage eigenst\u00e4ndig bauseits zu montieren. Beachten Sie bitte, dass basierend auf der derzeit geltenden Rechtsprechung die Inbetriebnahme von einem zertifizierten Klima- und K\u00e4ltetechniker durchgef\u00fchrt werden muss.<\/p>\n<address><strong>Das Klimager\u00e4t kann in Ihr zu Hause bestehendes WiFi\/WLAN Netz integriert werden und somit \u00fcber Handy bedient werden. Zus\u00e4tzlich ist der Betrieb \u00fcber die zur Verf\u00fcgung stehende App m\u00f6glich (Android 2.1 \/\/ IOS 5.0 oder h\u00f6her).<\/strong><\/address>\n<p>N\u00e4hres erfahren Sie auf dem Button<strong><br \/>\n<\/strong><\/p>\n<p><strong><a title=\"WiFi Informationen\" href=\"http:\/\/www.klimafirstklaas.de\/index.php\/downloads\/dl\/file\/id\/157\/wifi_bedienungsanleitung.pdf\"><img loading=\"lazy\" decoding=\"async\" title=\"Informationen WiFi\" src=\"https:\/\/www.klimafirstklaas.de\/media\/\/WiFi.jpg\" alt=\"Informationen WiFi\" width=\"95\" height=\"80\" \/><\/a><\/strong><\/p>\n<p><strong>\u00a0<\/strong><\/p>\n<p class=\"kurzbeschreibungUnten\"><strong>Technische Daten<\/strong><\/p>\n<ul>\n<li>\n<div class=\"kurzbeschreibungUnten\">Leistungsaufnahme im K\u00fchlbetrieb \/ Heizbetrieb\u00a0\u00a0\u00a0\u00a0 0,80 kW \/\u00a00,699 kW<\/div>\n<\/li>\n<li>\n<div class=\"kurzbeschreibungUnten\">Ausgangsleistung im K\u00fchlbetrieb \/ Heizbetrieb\u00a0\u00a0\u00a0\u00a0\u00a0\u00a0\u00a0\u00a02,6 kW \/ 2,61 kW<\/div>\n<\/li>\n<li>\n<div class=\"kurzbeschreibungUnten\">Stromaufnahme EN 60335 K\u00fchlen \/ Heizen\u00a0\u00a0\u00a0\u00a0\u00a0\u00a0\u00a0\u00a0\u00a0\u00a0\u00a0\u00a0 8,0 A \/ 9,0 A<\/div>\n<\/li>\n<li>\n<div class=\"kurzbeschreibungUnten\">Energieeffizienzklasse K\u00fchlen \/ Heizen\u00a0\u00a0\u00a0\u00a0\u00a0\u00a0\u00a0\u00a0\u00a0\u00a0\u00a0\u00a0\u00a0\u00a0\u00a0\u00a0\u00a0\u00a0\u00a0 A++\/A+<\/div>\n<\/li>\n<li>\n<div class=\"kurzbeschreibungUnten\">Energieverbrauch K\u00fchlmodus \/ Heizmodus\u00a0\u00a0\u00a0\u00a0\u00a0\u00a0\u00a0\u00a0\u00a0\u00a0\u00a0\u00a0 144 \/ 735 kWh\/Jahr<\/div>\n<\/li>\n<li>\n<div class=\"kurzbeschreibungUnten\">Luftumw\u00e4lzung Inneneinheit\u00a0\u00a0\u00a0\u00a0\u00a0\u00a0\u00a0\u00a0\u00a0\u00a0\u00a0\u00a0\u00a0\u00a0\u00a0\u00a0\u00a0\u00a0\u00a0\u00a0\u00a0\u00a0\u00a0\u00a0\u00a0\u00a0\u00a0\u00a0\u00a0\u00a0\u00a0\u00a0\u00a0\u00a0\u00a0\u00a0 420 m<sup>3<\/sup>\/h<\/div>\n<\/li>\n<li>\n<div class=\"kurzbeschreibungUnten\">SEER \/ SCOP\u00a0\u00a0\u00a0\u00a0\u00a0\u00a0\u00a0\u00a0\u00a0\u00a0\u00a0\u00a0\u00a0\u00a0\u00a0\u00a0\u00a0\u00a0\u00a0\u00a0\u00a0\u00a0\u00a0\u00a0\u00a0\u00a0\u00a0\u00a0\u00a0\u00a0\u00a0\u00a0\u00a0\u00a0\u00a0\u00a0\u00a0\u00a0\u00a0\u00a0\u00a0\u00a0\u00a0\u00a0\u00a0\u00a0\u00a0\u00a0\u00a0\u00a0\u00a0\u00a0\u00a0\u00a0\u00a0\u00a0\u00a0\u00a0 6,30 \/ 4,00<\/div>\n<\/li>\n<li>\n<div class=\"kurzbeschreibungUnten\">Ger\u00e4uschemission Innen \/ Aussen\u00a0\u00a0\u00a0\u00a0\u00a0\u00a0\u00a0\u00a0\u00a0\u00a0\u00a0\u00a0\u00a0\u00a0\u00a0\u00a0\u00a0\u00a0\u00a0\u00a0\u00a0\u00a0\u00a0\u00a0\u00a0\u00a0 50 dB (A) \/ 60 dB (A)<\/div>\n<\/li>\n<li>\n<div class=\"kurzbeschreibungUnten\">Entfeuchtungsleistung\u00a0\u00a0\u00a0\u00a0\u00a0\u00a0\u00a0\u00a0\u00a0\u00a0\u00a0\u00a0\u00a0\u00a0\u00a0\u00a0\u00a0\u00a0\u00a0\u00a0\u00a0\u00a0\u00a0\u00a0\u00a0\u00a0\u00a0\u00a0\u00a0\u00a0\u00a0\u00a0\u00a0\u00a0\u00a0\u00a0\u00a0\u00a0\u00a0\u00a0\u00a0\u00a0\u00a0\u00a0\u00a0\u00a0 0,9 l\/h<\/div>\n<\/li>\n<li>\n<div class=\"kurzbeschreibungUnten\">Pr\u00fcfzeichen\u00a0\u00a0\u00a0\u00a0\u00a0\u00a0\u00a0\u00a0\u00a0\u00a0\u00a0\u00a0\u00a0\u00a0\u00a0\u00a0\u00a0\u00a0\u00a0\u00a0\u00a0\u00a0\u00a0\u00a0\u00a0\u00a0\u00a0\u00a0\u00a0\u00a0\u00a0\u00a0\u00a0\u00a0\u00a0\u00a0\u00a0\u00a0\u00a0\u00a0\u00a0\u00a0\u00a0\u00a0\u00a0\u00a0\u00a0\u00a0\u00a0\u00a0\u00a0\u00a0\u00a0\u00a0\u00a0\u00a0\u00a0\u00a0\u00a0\u00a0\u00a0\u00a0 CE\/RoHS, GS<\/div>\n<\/li>\n<li>\n<div class=\"kurzbeschreibungUnten\">Abmessungen Inneneinheit (B\/H\/T)\u00a0\u00a0\u00a0\u00a0\u00a0\u00a0\u00a0\u00a0\u00a0\u00a0\u00a0\u00a0\u00a0\u00a0\u00a0\u00a0\u00a0\u00a0\u00a0\u00a0\u00a0\u00a0\u00a0\u00a0\u00a0 698 x 255 x 190 mm<\/div>\n<\/li>\n<li>\n<div class=\"kurzbeschreibungUnten\">Abmessungen Ausseneinheit (B\/H\/T)\u00a0\u00a0\u00a0\u00a0\u00a0\u00a0\u00a0\u00a0\u00a0\u00a0\u00a0\u00a0\u00a0\u00a0\u00a0\u00a0\u00a0\u00a0\u00a0\u00a0\u00a0\u00a0 715 x 492 x 240 mm<\/div>\n<\/li>\n<li>\n<div class=\"kurzbeschreibungUnten\">Netto Gewicht Inneneinheit \/ Ausseneinheit\u00a0\u00a0\u00a0\u00a0\u00a0\u00a0\u00a0\u00a0\u00a0\u00a0\u00a0\u00a0 6,5 kg \/ 24 kg<\/div>\n<\/li>\n<li>\n<div class=\"kurzbeschreibungUnten\">K\u00e4ltemittel Typ\u00a0\u00a0\u00a0\u00a0\u00a0\u00a0\u00a0\u00a0\u00a0\u00a0\u00a0\u00a0\u00a0\u00a0\u00a0\u00a0\u00a0\u00a0\u00a0\u00a0\u00a0\u00a0\u00a0\u00a0\u00a0\u00a0\u00a0\u00a0\u00a0\u00a0\u00a0\u00a0\u00a0\u00a0\u00a0\u00a0\u00a0\u00a0\u00a0\u00a0\u00a0\u00a0\u00a0\u00a0\u00a0\u00a0\u00a0\u00a0\u00a0\u00a0\u00a0\u00a0\u00a0\u00a0\u00a0\u00a0\u00a0 R32 \/ 0,53 Kg \/ 675<\/div>\n<\/li>\n<li>\n<div class=\"kurzbeschreibungUnten\">CO2 \u00e4quivalent:\u00a0\u00a0\u00a0\u00a0\u00a0\u00a0\u00a0\u00a0\u00a0\u00a0\u00a0\u00a0\u00a0\u00a0\u00a0\u00a0\u00a0\u00a0\u00a0\u00a0\u00a0\u00a0\u00a0\u00a0\u00a0\u00a0\u00a0\u00a0\u00a0\u00a0\u00a0\u00a0\u00a0\u00a0\u00a0\u00a0\u00a0\u00a0\u00a0\u00a0\u00a0\u00a0\u00a0\u00a0\u00a0\u00a0\u00a0\u00a0\u00a0\u00a0\u00a0\u00a0\u00a0\u00a0\u00a0 0,358 t<\/div>\n<\/li>\n<li>\n<div class=\"kurzbeschreibungUnten\">Stromversorgung\u00a0\u00a0\u00a0\u00a0\u00a0\u00a0\u00a0\u00a0\u00a0\u00a0\u00a0\u00a0\u00a0\u00a0\u00a0\u00a0\u00a0\u00a0\u00a0\u00a0\u00a0\u00a0\u00a0\u00a0\u00a0\u00a0\u00a0\u00a0\u00a0\u00a0\u00a0\u00a0\u00a0\u00a0\u00a0\u00a0\u00a0\u00a0\u00a0\u00a0\u00a0\u00a0\u00a0\u00a0\u00a0\u00a0\u00a0\u00a0\u00a0\u00a0\u00a0\u00a0\u00a0 \u00a0220-240 V, 50 Hz<\/div>\n<\/li>\n<li>\n<div class=\"kurzbeschreibungUnten\">Umgebungstemperatur im K\u00fchlmodus\u00a0\u00a0\u00a0\u00a0\u00a0\u00a0\u00a0\u00a0\u00a0\u00a0\u00a0\u00a0\u00a0\u00a0\u00a0\u00a0\u00a0\u00a0\u00a0\u00a0 18\u00b0C bis 47\u00b0C<\/div>\n<\/li>\n<li>\n<div class=\"kurzbeschreibungUnten\">Umgebungstemperatur im Heizmodus\u00a0\u00a0\u00a0\u00a0\u00a0\u00a0\u00a0\u00a0\u00a0 \u00a0\u00a0\u00a0\u00a0\u00a0\u00a0\u00a0\u00a0\u00a0\u00a0 -15\u00b0C bis 30\u00b0C<\/div>\n<\/li>\n<li>\n<div class=\"kurzbeschreibungUnten\">max. Leitungsl\u00e4nge\u00a0\u00a0\u00a0\u00a0\u00a0\u00a0\u00a0\u00a0\u00a0\u00a0\u00a0\u00a0\u00a0\u00a0\u00a0\u00a0\u00a0\u00a0\u00a0\u00a0\u00a0\u00a0\u00a0\u00a0\u00a0\u00a0\u00a0\u00a0\u00a0\u00a0\u00a0\u00a0\u00a0\u00a0\u00a0\u00a0\u00a0\u00a0\u00a0\u00a0\u00a0\u00a0\u00a0\u00a0\u00a0\u00a0\u00a0\u00a0\u00a0 \u00a025 m<\/div>\n<\/li>\n<li>\n<div class=\"kurzbeschreibungUnten\">max. H\u00f6hendifferenz\u00a0\u00a0\u00a0\u00a0\u00a0\u00a0\u00a0\u00a0\u00a0\u00a0\u00a0\u00a0\u00a0\u00a0\u00a0\u00a0\u00a0\u00a0\u00a0\u00a0\u00a0\u00a0\u00a0\u00a0\u00a0\u00a0\u00a0\u00a0\u00a0\u00a0\u00a0\u00a0\u00a0\u00a0\u00a0\u00a0\u00a0\u00a0\u00a0\u00a0\u00a0\u00a0\u00a0\u00a0\u00a0\u00a0\u00a0\u00a0 10 m<\/div>\n<\/li>\n<\/ul>\n<p>Invertertechnik bedeutet eine leistungsangepasste Drehzahlregelung des Verdichters (Kompressors). Das hei\u00dft, dass immer nur so viel Strom verbraucht wird, wie tats\u00e4chlich ben\u00f6tigt wird. Brauchen Sie eine starke K\u00fchl- bzw. Heizleistung, arbeitet der Kompressor mit voller Umdrehungszahl, ben\u00f6tigen Sie jedoch nur eine geringe K\u00fchl- bzw. Heizleistung, arbeitet der Kompressor nur auf minimaler Umdrehungszahl. Dadurch verbraucht ein Inverterger\u00e4t wesentlich weniger Strom. Ebenso f\u00e4hrt eine Inverteranlage immer sachte und verschlei\u00dfschonend bis zur tats\u00e4chlich ben\u00f6tigten Leistung an, d.h. bauseitig ist eine geringere elektrische Absicherung ausreichend und schont des Weiteren den Kompressor.<\/p>\n<p><strong>Vorteile im \u00dcberblick:<\/strong><\/p>\n<ol>\n<li>Stromkosteneinsparung von ca. 30% da nur die tats\u00e4chlich ben\u00f6tigte Leistung\u00a0 abgerufen und schneller erreicht wird<\/li>\n<li>l\u00e4ngere Lebensdauer des Verdichters (Kompressor)<\/li>\n<li>\u00a0Winterregelung\/\u00d6lsumpfheizung<\/li>\n<li>einsetzbar auch bei tieferen Au\u00dfentemperaturen zum K\u00fchlen<\/li>\n<li>durch vorgew\u00e4rmtes \u00d6l (Kompressor) \u2013 bis minus 15\u00b0C m\u00f6glich<\/li>\n<li>Rollkolbenverdichter durch Drehzahlregelung leiser \u2013 wichtig in Wohngebieten<\/li>\n<li>geringere elektrische Absicherung notwendig<\/li>\n<li>Autostartfunktion! Startet nach Stromausfall automatisch wieder im eingestellten Modus<\/li>\n<li>\n<div>ausgezeichnetes Preis-\/Leistungsverh\u00e4ltnis<\/div>\n<\/li>\n<\/ol>\n<p>&nbsp;<\/p>\n<p><strong>1. Was ist im Lieferumfang enthalten?<\/strong><\/p>\n<ul>\n<li>Innen- und Ausseneinheit<\/li>\n<li>Infrarot-Fernbedienung inklusive Batterien<\/li>\n<li>Stromkabel zur Stromversorgung zwischen Innen- und Ausseneinheit (ca. 4,3 Meter)<\/li>\n<li>vorisolieerte Doppelkupferleitungen (ca. 4 Meter) mit\u00a0B\u00f6rdelmuttern<\/li>\n<li>flexibler Ablaufschlauch f\u00fcr Kondenswasser (ca. 2 Meter)<\/li>\n<li>Bedienungsanleitung Klimasplitanlage mit Garantiekarte, Wartungspass und Einbaunachweis<\/li>\n<li>Bedienungsanleitung WiFi<\/li>\n<li>ACHTUNG! Beim Kauf darauf achten &#8211; Ger\u00e4t besteht aus zwei Packst\u00fccken!<\/li>\n<li>K\u00e4ltemittel R32 (im Aussenger\u00e4t enthalten)<\/li>\n<\/ul>\n<p>&nbsp;<\/p>\n<p><strong>2. F\u00fcr welche Raumgr\u00f6\u00dfen ist mein Klimasplitger\u00e4t geeignet?<\/strong><\/p>\n<p>Das Ger\u00e4t ist f\u00fcr Raumgr\u00f6\u00dfen von ca. 100 Kubikmeter ausgelegt. Dies beschreibt einen Mittelwert, da die Wirkung eines jeden Klimager\u00e4tes von den Begebenheiten vor Ort abh\u00e4ngt (Fensterfl\u00e4chen\/Sonneneinstrahlung,W\u00e4rmequellen\/Computer, Dachfl\u00e4chen\/Isolierung, Kamin, usw.) In jedem Fall aber besitzen Sie mit diesem Klimager\u00e4t eine hervorragende K\u00e4lteausgangsleistung<\/p>\n<p><strong>3.)\u00a0\u00a0 Darf ich mein Klimasplitger\u00e4t selbst einbauen?<br \/>\n<\/strong><br \/>\nDie so genannte Vormontage k\u00f6nnen Sie nach den anerkannten Regeln der Handwerkskunst selbstverst\u00e4ndlich gerne selbst durchf\u00fchren. Dazu geh\u00f6ren z.B. das Anbringen des Au\u00dfenger\u00e4tes, die Befestigung der Grundplatte des Innenger\u00e4tes, der Wanddurchbruch (ca. 8cm), usw. Bitte lesen Sie aber in jedem Fall vorab die Bedienungsanleitung. Gerne k\u00f6nnen sie uns bei Fragen kontaktieren.<\/p>\n<p><strong>ACHTUNG!!!<\/strong>\u00a0Klimaanlagen sind hochtechnische Ger\u00e4te, in denen drei verschiedene Medien zum Einsatz kommen: Strom, Wasser, und K\u00e4ltemittel (gasf\u00f6rmig). Aus diesem Grund und zur Sicherstellung eines ordnungsgem\u00e4\u00dfen Ablaufs muss die Anlage von einem zertifizierten Fachbetrieb der K\u00e4lte-Klimabranche installiert werden. Dies betrifft insbesondere den Arbeitsgang des Anschlie\u00dfens aller Verbindungsleitungen, bzw. des Entl\u00fcftens\/Evakuieren K\u00e4ltefachbetriebe finden Sie am einfachsten im Branchenbuch unter der Rubrik K\u00e4ltebauer oder Klimabauer. Gerne k\u00f6nnen Sie sich auch diesbez\u00fcglich \u00fcber unsere Hotline informieren (0 90 01\/85 02 80\u00a0 0,49\u20ac\/min aus dem dt. Festnetz der Telekom, Mobilfunk abweichend) Mo. bis Fr. 8:00 &#8211; 17:00 Uhr). Wir leiten Ihre Kontaktdaten dann einem Servicebetrieb vor Ort weiter. Dieser wird sich mit Ihnen bez\u00fcglich des Einbautermins und den damit verbunden Kosten in Verbindung setzen. Der Einbau bzw. die Einbaukosten sind nicht Gegenstand des Kaufvertrages Ihres Klimager\u00e4tes. Bitte beachten Sie! Sollten diese Leistungen von Nichtfachleuten oder in Eigeninitiative durchgef\u00fchrt werden, drohen Sch\u00e4den an Ihrer Anlage und es erlischt Ihr Gew\u00e4hrleistungsanspruch.<\/p>\n<p><strong>4.\u00a0 Wie lange d\u00fcrfen die Verbindungsleitungen l\u00e4ngstens sein?<br \/>\n<\/strong><br \/>\nDie Leitungen d\u00fcrfen aus technischer Sicht bis zu\u00a025 Meter Gesamtl\u00e4nge aufweisen. Hierbei kann ein H\u00f6henunterschied zwischen Innen- und Au\u00dfenger\u00e4t von bis zu\u00a010 Metern \u00fcberwunden werden. Beachten Sie bitte, dass in jedem Fall bei jeglicher Ver\u00e4nderung der Leitungsl\u00e4ngen vom K\u00e4ltebauer K\u00e4ltemittel R32 nachgef\u00fcllt werden muss<\/p>\n","protected":false},"excerpt":{"rendered":"<table id=\"product_details\" class=\"data-table\" border=\"0\" summary=\"product_details\" cellspacing=\"0\" cellpadding=\"0\">\n<tbody>\n<tr class=\"first odd\">\n<th class=\"label\">K\u00fchlleistung<\/th>\n<td class=\"data last\">2600 Watt<\/td>\n<\/tr>\n<tr class=\"even\">\n<th class=\"label\">Energieeffizienz<\/th>\n<td class=\"data last\">A++\/A+<\/td>\n<\/tr>\n<tr class=\"last odd\">\n<th class=\"label\">Artikelnummer:<\/th>\n<td class=\"data last\">2026<\/td>\n<\/tr>\n<\/tbody>\n<\/table>\n","protected":false},"featured_media":105651,"template":"","meta":[],"product_brand":[],"product_cat":[16,21],"product_tag":[22],"class_list":{"0":"post-105650","1":"product","2":"type-product","3":"status-publish","4":"has-post-thumbnail","6":"product_cat-unkategorisiert","7":"product_cat-klimasplittgeraete","8":"product_tag-klimasplittgeraet","10":"first","11":"instock","12":"shipping-taxable","13":"product-type-simple"},"_links":{"self":[{"href":"https:\/\/demo.klimafirstklaas.de\/index.php?rest_route=\/wp\/v2\/product\/105650","targetHints":{"allow":["GET"]}}],"collection":[{"href":"https:\/\/demo.klimafirstklaas.de\/index.php?rest_route=\/wp\/v2\/product"}],"about":[{"href":"https:\/\/demo.klimafirstklaas.de\/index.php?rest_route=\/wp\/v2\/types\/product"}],"wp:featuredmedia":[{"embeddable":true,"href":"https:\/\/demo.klimafirstklaas.de\/index.php?rest_route=\/wp\/v2\/media\/105651"}],"wp:attachment":[{"href":"https:\/\/demo.klimafirstklaas.de\/index.php?rest_route=%2Fwp%2Fv2%2Fmedia&parent=105650"}],"wp:term":[{"taxonomy":"product_brand","embeddable":true,"href":"https:\/\/demo.klimafirstklaas.de\/index.php?rest_route=%2Fwp%2Fv2%2Fproduct_brand&post=105650"},{"taxonomy":"product_cat","embeddable":true,"href":"https:\/\/demo.klimafirstklaas.de\/index.php?rest_route=%2Fwp%2Fv2%2Fproduct_cat&post=105650"},{"taxonomy":"product_tag","embeddable":true,"href":"https:\/\/demo.klimafirstklaas.de\/index.php?rest_route=%2Fwp%2Fv2%2Fproduct_tag&post=105650"}],"curies":[{"name":"wp","href":"https:\/\/api.w.org\/{rel}","templated":true}]}}